{"id":1961,"date":"2022-07-06T16:10:25","date_gmt":"2022-07-06T14:10:25","guid":{"rendered":"https:\/\/m2bconstruction.com\/?product=hoodie-with-logo"},"modified":"2023-11-08T09:04:05","modified_gmt":"2023-11-08T08:04:05","slug":"hoodie-with-logo","status":"publish","type":"product","link":"https:\/\/m2bconstruction.com\/?product=hoodie-with-logo","title":{"rendered":"Parquet"},"content":{"rendered":"<p><a href=\"https:\/\/m2bconstruction.com\/wp-content\/uploads\/2022\/07\/parquet-_couches.png\"><img loading=\"lazy\" decoding=\"async\" class=\"alignnone wp-image-1974 size-full\" src=\"https:\/\/m2bconstruction.com\/wp-content\/uploads\/2022\/07\/parquet-_couches.png\" alt=\"\" width=\"800\" height=\"657\" srcset=\"https:\/\/m2bconstruction.com\/wp-content\/uploads\/2022\/07\/parquet-_couches.png 800w, https:\/\/m2bconstruction.com\/wp-content\/uploads\/2022\/07\/parquet-_couches-300x246.png 300w, https:\/\/m2bconstruction.com\/wp-content\/uploads\/2022\/07\/parquet-_couches-768x631.png 768w, https:\/\/m2bconstruction.com\/wp-content\/uploads\/2022\/07\/parquet-_couches-705x579.png 705w, https:\/\/m2bconstruction.com\/wp-content\/uploads\/2022\/07\/parquet-_couches-600x493.png 600w\" sizes=\"auto, (max-width: 800px) 100vw, 800px\" \/><\/a><\/p>\n<p>D\u00e9cor:<br \/>\n12 pi\u00e8ces<\/p>\n<p>Dimensions:<br \/>\n1200mm<br \/>\nplanche<br \/>\n191mm<br \/>\nPlus:<br \/>\n191mm<\/p>\n<p>Taille:<br \/>\n1200mm<\/p>\n<p>\u00c9paisseur (mm):<br \/>\n8mm<\/p>\n<p>Forfait:<br \/>\n1.8336 m\u00b2<\/p>\n<p>Force ext\u00e9rieure :<br \/>\nAC4-32\u00a0: Utilisation \u00e0 la maison et au bureau<\/p>\n<p>Bord:<br \/>\narticul\u00e9<\/p>\n<p>Syst\u00e8me de verrouillage:<br \/>\nL2C<\/p>\n<p>Surface:<br \/>\nnature<\/p>\n","protected":false},"excerpt":{"rendered":"<p>D\u00e9cor: 12 pi\u00e8ces Dimensions: 1200mm planche 191mm Plus: 191mm Taille: 1200mm \u00c9paisseur (mm): 8mm Forfait: 1.8336 m\u00b2 Force ext\u00e9rieure : AC4-32\u00a0: Utilisation \u00e0 la maison et au bureau Bord: articul\u00e9 Syst\u00e8me de verrouillage: L2C Surface: nature<\/p>\n","protected":false},"featured_media":0,"comment_status":"open","ping_status":"closed","template":"","meta":[],"product_brand":[],"product_cat":[28,29],"product_tag":[26],"class_list":{"0":"post-1961","1":"product","2":"type-product","3":"status-publish","5":"product_cat-construction-materials","6":"product_cat-parquets","7":"product_tag-parquet","9":"first","10":"instock","11":"taxable","12":"shipping-taxable","13":"purchasable","14":"product-type-variable"},"jetpack-related-posts":[],"jetpack_sharing_enabled":true,"_links":{"self":[{"href":"https:\/\/m2bconstruction.com\/index.php?rest_route=\/wp\/v2\/product\/1961","targetHints":{"allow":["GET"]}}],"collection":[{"href":"https:\/\/m2bconstruction.com\/index.php?rest_route=\/wp\/v2\/product"}],"about":[{"href":"https:\/\/m2bconstruction.com\/index.php?rest_route=\/wp\/v2\/types\/product"}],"replies":[{"embeddable":true,"href":"https:\/\/m2bconstruction.com\/index.php?rest_route=%2Fwp%2Fv2%2Fcomments&post=1961"}],"wp:attachment":[{"href":"https:\/\/m2bconstruction.com\/index.php?rest_route=%2Fwp%2Fv2%2Fmedia&parent=1961"}],"wp:term":[{"taxonomy":"product_brand","embeddable":true,"href":"https:\/\/m2bconstruction.com\/index.php?rest_route=%2Fwp%2Fv2%2Fproduct_brand&post=1961"},{"taxonomy":"product_cat","embeddable":true,"href":"https:\/\/m2bconstruction.com\/index.php?rest_route=%2Fwp%2Fv2%2Fproduct_cat&post=1961"},{"taxonomy":"product_tag","embeddable":true,"href":"https:\/\/m2bconstruction.com\/index.php?rest_route=%2Fwp%2Fv2%2Fproduct_tag&post=1961"}],"curies":[{"name":"wp","href":"https:\/\/api.w.org\/{rel}","templated":true}]}}