{"id":28,"date":"2014-09-28T22:47:57","date_gmt":"2014-09-28T19:47:57","guid":{"rendered":"http:\/\/m2bconstruction.com\/?page_id=28"},"modified":"2018-07-17T09:23:35","modified_gmt":"2018-07-17T07:23:35","slug":"premiere-page","status":"publish","type":"page","link":"https:\/\/m2bconstruction.com\/","title":{"rendered":"Accueil"},"content":{"rendered":"<div id='layer_slider_1'  class='avia-layerslider main_color avia-shadow  avia-builder-el-0  el_before_av_textblock  avia-builder-el-first  container_wrap fullsize'  style='height: 471px;'  ><\/div><div id='after_layer_slider_1'  class='main_color av_default_container_wrap container_wrap fullsize'  ><div class='container av-section-cont-open' ><div class='template-page content  av-content-full alpha units'><div class='post-entry post-entry-type-page post-entry-28'><div class='entry-content-wrapper clearfix'>\n<section  class='av_textblock_section av-jjpdesqa-c18c334ada865a4b21d39295ff9ae4cc '   itemscope=\"itemscope\" itemtype=\"https:\/\/schema.org\/CreativeWork\" ><div class='avia_textblock'  itemprop=\"text\" ><p>M2B Construction a \u00e9t\u00e9 cr\u00e9\u00e9e en 1986 par M. Butun qui est son actuel dirigeant.<\/p>\n<p>L&#8217;entreprise est actuellement bas\u00e9 \u00e0 Cuverville, dans le d\u00e9partement du Calvados en r\u00e9gion Basse-Normandie.<\/p>\n<p>Dans ses d\u00e9buts l\u2019entreprise s\u2019est focalis\u00e9 dans les domaines de la charpente, de la couverture et de la menuiserie ext\u00e9rieure et int\u00e9rieure. En 1993 l\u2019entreprise prend un tournant en devenant constructeur de maison individuelle. Depuis cette date M2B construction a accompagn\u00e9 plus de 500 particuliers dans la r\u00e9alisation de leur projet.<\/p>\n<p>M2B construction est une entreprise familiale \u00e0 dimension humaine. Cela lui permet d\u2019\u00eatre au plus proche de ses clients, d\u2019\u00eatre \u00e0 l\u2019\u00e9coute de leurs attentes et de les accompagner au mieux dans la r\u00e9alisation de la maison dont ils r\u00eavent.<\/p>\n<p>Aujourd\u2019hui, l\u2019entreprise forte de ses 25 ans d\u2019exp\u00e9rience dans le secteur du b\u00e2timent a su d\u00e9velopper des savoirs faire et des comp\u00e9tences dans le but d\u2019offrir en permanence un service d\u2019une qualit\u00e9 exceptionnelle \u00e0 ses clients.<\/p>\n<p>En un quart de si\u00e8cle d\u2019activit\u00e9 M2B construction s\u2019est forg\u00e9 une excellente r\u00e9putation en Basse Normandie aupr\u00e8s de ses clients, de ses fournisseurs, de ses artisans et des pouvoirs publics.<\/p>\n<\/div><\/section>\n","protected":false},"excerpt":{"rendered":"","protected":false},"author":2,"featured_media":0,"parent":0,"menu_order":0,"comment_status":"open","ping_status":"open","template":"","meta":{"footnotes":""},"class_list":["post-28","page","type-page","status-publish","hentry"],"jetpack-related-posts":[],"jetpack_sharing_enabled":true,"_links":{"self":[{"href":"https:\/\/m2bconstruction.com\/index.php?rest_route=\/wp\/v2\/pages\/28","targetHints":{"allow":["GET"]}}],"collection":[{"href":"https:\/\/m2bconstruction.com\/index.php?rest_route=\/wp\/v2\/pages"}],"about":[{"href":"https:\/\/m2bconstruction.com\/index.php?rest_route=\/wp\/v2\/types\/page"}],"author":[{"embeddable":true,"href":"https:\/\/m2bconstruction.com\/index.php?rest_route=\/wp\/v2\/users\/2"}],"replies":[{"embeddable":true,"href":"https:\/\/m2bconstruction.com\/index.php?rest_route=%2Fwp%2Fv2%2Fcomments&post=28"}],"version-history":[{"count":11,"href":"https:\/\/m2bconstruction.com\/index.php?rest_route=\/wp\/v2\/pages\/28\/revisions"}],"predecessor-version":[{"id":277,"href":"https:\/\/m2bconstruction.com\/index.php?rest_route=\/wp\/v2\/pages\/28\/revisions\/277"}],"wp:attachment":[{"href":"https:\/\/m2bconstruction.com\/index.php?rest_route=%2Fwp%2Fv2%2Fmedia&parent=28"}],"curies":[{"name":"wp","href":"https:\/\/api.w.org\/{rel}","templated":true}]}}